or of 3585175 and 3575.
275
Calculate the highest common factor of 4905 and 392302445.
545
Calculate the highest common divisor of 99968 and 38912.
128
Calculate the greatest common factor of 475 and 612095.
5
Calculate the greatest common factor of 141 and 1353412.
47
What is the greatest common factor of 12282934 and 2?
2
Calculate the greatest common divisor of 6848 and 19904.
64
Calculate the greatest common divisor of 15356943 and 441.
441
Calculate the greatest common divisor of 1799 and 938464541.
1799
What is the greatest common factor of 42855205 and 25?
5
What is the highest common factor of 138868837 and 32013?
3557
Calculate the greatest common divisor of 1036204 and 5564.
52
What is the greatest common factor of 308054 and 2674?
2
Calculate the highest common factor of 37782801 and 378.
189
What is the highest common divisor of 57685986 and 9?
9
What is the greatest common divisor of 3181752 and 180616?
856
Calculate the highest common factor of 3364251840 and 2160.
2160
What is the greatest common divisor of 3768 and 401006888?
1256
Calculate the highest common divisor of 16472844 and 4980.
996
What is the highest common divisor of 51614 and 12188502?
262
Calculate the greatest common factor of 56 and 296289.
7
What is the greatest common divisor of 421056 and 44204?
172
What is the greatest common factor of 1969304 and 86764?
796
What is the greatest common divisor of 285983010 and 255?
255
What is the highest common factor of 2729888 and 14112?
1568
What is the highest common divisor of 23981382 and 90?
18
Calculate the highest common divisor of 67942 and 172109.
161
What is the greatest common factor of 100 and 3923204?
4
What is the highest common factor of 496 and 74817136?
496
Calculate the greatest common factor of 29772 and 82944.
36
What is the greatest common factor of 1295249601 and 204?
51
What is the greatest common factor of 308581 and 819?
91
Calculate the highest common factor of 347256041 and 3031.
433
What is the highest common divisor of 25984 and 1576960?
896
What is the greatest common factor of 95933 and 4845111?
989
Calculate the greatest common factor of 17044323 and 1325.
53
What is the greatest common divisor of 3765756 and 848?
212
Calculate the highest common factor of 4756992 and 361.
19
Calculate the greatest common divisor of 1377416 and 634600.
1336
What is the greatest common divisor of 19604 and 1396201781?
4901
Calculate the highest common divisor of 450 and 40177755.
45
What is the highest common factor of 726 and 276488630?
242
What is the highest common factor of 934870 and 880?
10
Calculate the greatest common factor of 5340328 and 3290.
658
What is the highest common factor of 10297976 and 174798?
2158
What is the greatest common factor of 901 and 9817879?
53
Calculate the highest common divisor of 759717 and 716149.
2723
What is the greatest common divisor of 733 and 434492347?
733
What is the highest common factor of 137379858 and 462?
462
Calculate the greatest common factor of 7152 and 7043664.
48
What is the highest common factor of 542 and 11667905?
271
What is the highest common divisor of 1290 and 425855445?
645
What is the greatest common factor of 130744650 and 8050?
1150
What is the highest common factor of 37426144 and 96?
32
What is the highest common factor of 22878598 and 2?
2
What is the greatest common factor of 1070 and 9204782?
214
What is the greatest common factor of 12177 and 904095?
27
Calculate the greatest common factor of 23815 and 5485.
5
Calculate the greatest common factor of 67360 and 184320.
160
Calculate the highest common factor of 19359 and 1633365.
81
Calculate the highest common factor of 5 and 21685159.
1
What is the greatest common factor of 10879 and 2675761?
473
What is the highest common divisor of 73259944 and 88?
8
Calculate the highest common divisor of 22695 and 454394751.
4539
Calculate the highest common divisor of 786 and 645752841.
393
Calculate the highest common factor of 6574972 and 4.
4
Calculate the greatest common divisor of 28040 and 38128.
8
Calculate the greatest common divisor of 222611589 and 36.
9
Calculate the highest common factor of 80927 and 376915.
77
Calculate the greatest common divisor of 1428811800 and 13.
13
Calculate the highest common divisor of 423 and 79093668.
141
Calculate the highest common factor of 630371702 and 722.
722
What is the highest common factor of 246624 and 1195824?
336
Calculate the greatest common factor of 2500 and 48464375.
625
What is the greatest common divisor of 9128 and 2794472?
1304
What is the highest common factor of 166687 and 7395639?
8773
Calculate the greatest common factor of 288 and 357184.
32
Calculate the greatest common factor of 3626 and 236282.
74
Calculate the greatest common factor of 35960 and 348440.
1240
Calculate the highest common divisor of 3657 and 2032073.
1219
What is the greatest common factor of 1211 and 2341661?
7
What is the highest common divisor of 48356 and 25993?
11
What is the greatest common factor of 21648 and 1680171636?
5412
Calculate the greatest common divisor of 4596 and 21792.
12
What is the highest common divisor of 421 and 10810859?
421
What is the greatest common divisor of 32 and 32379272?
8
What is the highest common divisor of 35588 and 457724?
164
What is the greatest common factor of 33215 and 173771?
13
What is the highest common divisor of 5052500 and 376?
188
What is the highest common factor of 756 and 2921604?
84
Calculate the highest common factor of 42480 and 19424.
16
Calculate the greatest common factor of 7776 and 3747546.
486
Calculate the highest common divisor of 27911568 and 24.
24
What is the greatest common divisor of 568108028 and 232?
116
What is the greatest common factor of 72 and 20551059?
9
What is the greatest common divisor of 142004385 and 15?
15
What is the highest common factor of 214358661 and 1901?
1901
What is the highest common factor of 4221 and 16902?
9
What is the highest common divisor of 106323282 and 5382?
234
Calculate the highest common divisor of 768268 and 899.
29
Calculate the highest common factor of 124754752 and 80.
16
What is the highest common factor of 2120 and 21782680?
40
Calculate the highest common divisor of 68992352 and 20020.
572
Calculate the highest common factor of 418 and 4354838.
38
Calculate the highest common divisor of 18295575 and 223815.
5205
Calculate the highest common factor of 109140 and 7259136.
204
Calculate the greatest common divisor of 147412 and 33625.
269
What is the highest common divisor of 10759501 and 419?
419
What is the greatest common divisor of 253241118 and 3?
3
What is the highest common factor of 2304 and 22827384?
72
Calculate the greatest common divisor of 22180804 and 70604.
3716
What is the highest common divisor of 322341408 and 32?
32
What is the greatest common divisor of 507 and 115125699?
39
What is the highest common factor of 161397 and 51666?
237
What is the highest common divisor of 2835135 and 216?
27
What is the highest common divisor of 85572369 and 5022?
2511
Calculate the highest common divisor of 57028 and 9716280.
1076
What is the greatest common divisor of 41807908 and 290?
58
What is the highest common divisor of 702366 and 2793?
147
What is the highest common factor of 2767474136 and 784?
392
What is the greatest common factor of 20499869 and 26?
13
What is the highest common divisor of 112 and 6658897?
7
What is the highest common divisor of 19591762 and 4089?
1363
Calculate the highest common divisor of 602618684 and 16572.
5524
Calculate the greatest common divisor of 76509884 and 17963.
781
Calculate the greatest common factor of 9 and 649008558.
9
What is the greatest common factor of 7372 and 359024?
76
Calculate the greatest common factor of 30738 and 2393640.
654
Calculate the highest common factor of 95740324 and 404.
404
What is the greatest common factor of 924 and 689360?
28
What is the greatest common factor of 126 and 899968734?
126
Calculate the greatest common factor of 10002834 and 72.
18
What is the greatest common factor of 172925 and 233650?
25
Calculate the greatest common divisor of 22330 and 163346183.
2233
What is the highest common divisor of 160 and 978940?
20
What is the highest common divisor of 162064 